{"id":2,"date":"2016-10-26T22:22:17","date_gmt":"2016-10-26T22:22:17","guid":{"rendered":"http:\/\/apartamentosmarisa.es\/?page_id=2"},"modified":"2020-02-19T11:56:24","modified_gmt":"2020-02-19T11:56:24","slug":"inicio","status":"publish","type":"page","link":"https:\/\/apartamentosmarisa.es\/","title":{"rendered":"APARTAMENTOS MARISA"},"content":{"rendered":"<h3>Alquiler de pisos vacacionales en Portonovo, \u00a0villa marinera del municipio de Sanxenxo (Pontevedra), principal zona tur\u00edstica de las R\u00edas Baixas de Galicia.<\/h3>\n<p>Estupenda situaci\u00f3n en el mismo centro del pueblo\u00a0en una zona tranquila, ideal para descansar\u00a0y disfrutar del sol.<br \/>\nUbicadas a tan s\u00f3lo 50 m. de la playa de Caneli\u00f1as y a 400 m. de las playas de Canelas\u00a0y Baltar y de la zona portuaria,\u00a0en la que hay una amplia zona de aparcamiento y gran variedad de restaurantes, cafeter\u00edas, terrazas, tiendas, servicios, locales de diversi\u00f3n, etc.<\/p>\n<h4>N\u00ba de Registro: VUT-PO-001373<\/h4>\n<h4>Contacto: \u00a0email: \u00a0info@apartamentosmarisa.es \u00a0 \u00a0 \u00a0 \u00a0 \u00a0 \u00a0 \u00a0 \u00a0 \u00a0 \u00a0 \u00a0 \u00a0 \u00a0 \u00a0 Tel\u00e9fono: 986 723 071.<\/h4>\n<aside class=\"widget widget_text\"><\/aside>\n","protected":false},"excerpt":{"rendered":"<p>Alquiler de pisos vacacionales en Portonovo, \u00a0villa marinera del municipio de Sanxenxo (Pontevedra), principal zona tur\u00edstica de las R\u00edas Baixas de Galicia. Estupenda situaci\u00f3n en el mismo centro del pueblo\u00a0en una zona tranquila, ideal para descansar\u00a0y disfrutar del sol. Ubicadas&hellip;<\/p>\n","protected":false},"author":1,"featured_media":5,"parent":0,"menu_order":1,"comment_status":"closed","ping_status":"closed","template":"","meta":{"footnotes":""},"_links":{"self":[{"href":"https:\/\/apartamentosmarisa.es\/index.php?rest_route=\/wp\/v2\/pages\/2"}],"collection":[{"href":"https:\/\/apartamentosmarisa.es\/index.php?rest_route=\/wp\/v2\/pages"}],"about":[{"href":"https:\/\/apartamentosmarisa.es\/index.php?rest_route=\/wp\/v2\/types\/page"}],"author":[{"embeddable":true,"href":"https:\/\/apartamentosmarisa.es\/index.php?rest_route=\/wp\/v2\/users\/1"}],"replies":[{"embeddable":true,"href":"https:\/\/apartamentosmarisa.es\/index.php?rest_route=%2Fwp%2Fv2%2Fcomments&post=2"}],"version-history":[{"count":20,"href":"https:\/\/apartamentosmarisa.es\/index.php?rest_route=\/wp\/v2\/pages\/2\/revisions"}],"predecessor-version":[{"id":132,"href":"https:\/\/apartamentosmarisa.es\/index.php?rest_route=\/wp\/v2\/pages\/2\/revisions\/132"}],"wp:featuredmedia":[{"embeddable":true,"href":"https:\/\/apartamentosmarisa.es\/index.php?rest_route=\/wp\/v2\/media\/5"}],"wp:attachment":[{"href":"https:\/\/apartamentosmarisa.es\/index.php?rest_route=%2Fwp%2Fv2%2Fmedia&parent=2"}],"curies":[{"name":"wp","href":"https:\/\/api.w.org\/{rel}","templated":true}]}}